{"id":17199,"date":"2022-03-30T22:00:57","date_gmt":"2022-03-30T20:00:57","guid":{"rendered":"https:\/\/www.test.crystalalarm.com\/dev\/v1\/?post_type=product&#038;p=17199"},"modified":"2024-03-21T08:29:59","modified_gmt":"2024-03-21T07:29:59","slug":"pilotpaket-med-3-manader-crystal-alarm","status":"publish","type":"product","link":"https:\/\/www.test.crystalalarm.com\/dev\/v1\/produkt\/pilotpaket-med-3-manader-crystal-alarm\/","title":{"rendered":"Crystal Alarm 3 m\u00e5nader &#8211; Pilotpaket"},"content":{"rendered":"<p>Ett pilotpaket f\u00f6r er som vill prova p\u00e5 Crystal Alarm Enterprise<\/p>\n<p>&lt;br&gt; f\u00f6r att komma ig\u00e5ng med personlarm i mobilen f\u00f6r ensamarbetare och personal med f\u00f6rh\u00f6jd hotrisk.<\/p>\n<p>i paketet ing\u00e5r:<\/p>\n<ul>\n<li>50st anv\u00e4ndare, 3 m\u00e5nader<\/li>\n<li>10st Crystal Button (extern bluetooth-larmknapp)<\/li>\n<li>5st NFC-taggar<\/li>\n<li>8h Konsulttid som kan anv\u00e4ndas till:<br \/>\nUtbildning\/kom ig\u00e5ng p\u00e5 plats eller online.<br \/>\nHj\u00e4lp att starta upp mot befintligt Cisco DNA Spaces.<\/li>\n<\/ul>\n<p>Allm\u00e4nna villkor g\u00e4ller vid k\u00f6p.<\/p>\n","protected":false},"excerpt":{"rendered":"<p>&nbsp;<\/p>\n<ul>\n<li>Licens f\u00f6r ett Enterprise-konto i 3 m\u00e5nader<\/li>\n<li>50st anv\u00e4ndare.<\/li>\n<li>10st Crystal Button (extern bluetooth-larmknapp)<\/li>\n<li>5st NFC-taggar<\/li>\n<li>8h Konsulttid som kan anv\u00e4ndas till:<br \/>\n&#8211; Utbildning\/kom ig\u00e5ng p\u00e5 plats eller online.<br \/>\n&#8211; Hj\u00e4lp att starta upp mot befintligt Cisco DNA Spaces.<\/li>\n<\/ul>\n","protected":false},"featured_media":17113,"comment_status":"closed","ping_status":"closed","template":"","meta":[],"product_cat":[50,18],"product_tag":[],"bundle_layout":"","bundled_by":[],"bundled_items":[],"_links":{"self":[{"href":"https:\/\/www.test.crystalalarm.com\/dev\/v1\/wp-json\/wp\/v2\/product\/17199"}],"collection":[{"href":"https:\/\/www.test.crystalalarm.com\/dev\/v1\/wp-json\/wp\/v2\/product"}],"about":[{"href":"https:\/\/www.test.crystalalarm.com\/dev\/v1\/wp-json\/wp\/v2\/types\/product"}],"replies":[{"embeddable":true,"href":"https:\/\/www.test.crystalalarm.com\/dev\/v1\/wp-json\/wp\/v2\/comments?post=17199"}],"wp:featuredmedia":[{"embeddable":true,"href":"https:\/\/www.test.crystalalarm.com\/dev\/v1\/wp-json\/wp\/v2\/media\/17113"}],"wp:attachment":[{"href":"https:\/\/www.test.crystalalarm.com\/dev\/v1\/wp-json\/wp\/v2\/media?parent=17199"}],"wp:term":[{"taxonomy":"product_cat","embeddable":true,"href":"https:\/\/www.test.crystalalarm.com\/dev\/v1\/wp-json\/wp\/v2\/product_cat?post=17199"},{"taxonomy":"product_tag","embeddable":true,"href":"https:\/\/www.test.crystalalarm.com\/dev\/v1\/wp-json\/wp\/v2\/product_tag?post=17199"}],"curies":[{"name":"wp","href":"https:\/\/api.w.org\/{rel}","templated":true}]}}