{"id":17198,"date":"2022-02-24T13:44:32","date_gmt":"2022-02-24T12:44:32","guid":{"rendered":"https:\/\/www.test.crystalalarm.com\/dev\/v1\/?post_type=product&#038;p=17198"},"modified":"2024-03-21T08:29:59","modified_gmt":"2024-03-21T07:29:59","slug":"axis-a9161-natverk-i-o-relamodul","status":"publish","type":"product","link":"https:\/\/www.test.crystalalarm.com\/dev\/v1\/produkt\/axis-a9161-natverk-i-o-relamodul\/","title":{"rendered":"AXIS A9161 N\u00e4tverk I\/O Rel\u00e4Modul"},"content":{"rendered":"<p>F\u00f6rl\u00e4ng funktionaliteten i ditt Crystal Alarm system med AXIS A9161 N\u00e4tverk I\/O rel\u00e4modul.<br \/>\nTack vare 6 konfigurerbara I\/O portar med \u00f6vervakad inmatning och form C-rel\u00e4et,<br \/>\nkan A9161 reagera p\u00e5 in- och utmatningar som tex direktlarm fr\u00e5n Crystal Alarm, sensorer eller switchar<br \/>\nf\u00f6r att utf\u00f6ra handlingar som d\u00f6rrst\u00e4ngning, l\u00e5sning eller notifikation.<\/p>\n<p>V\u00e4nligen kontakta oss f\u00f6r mer information och priser.<\/p>\n","protected":false},"excerpt":{"rendered":"<p>F\u00f6rl\u00e4ng funktionaliteten i ditt Crystal Alarm system med AXIS A9161 N\u00e4tverk I\/O rel\u00e4modul.<\/p>\n","protected":false},"featured_media":17111,"comment_status":"closed","ping_status":"closed","template":"","meta":[],"product_cat":[83],"product_tag":[],"bundle_layout":"","bundled_by":[],"bundled_items":[],"_links":{"self":[{"href":"https:\/\/www.test.crystalalarm.com\/dev\/v1\/wp-json\/wp\/v2\/product\/17198"}],"collection":[{"href":"https:\/\/www.test.crystalalarm.com\/dev\/v1\/wp-json\/wp\/v2\/product"}],"about":[{"href":"https:\/\/www.test.crystalalarm.com\/dev\/v1\/wp-json\/wp\/v2\/types\/product"}],"replies":[{"embeddable":true,"href":"https:\/\/www.test.crystalalarm.com\/dev\/v1\/wp-json\/wp\/v2\/comments?post=17198"}],"wp:featuredmedia":[{"embeddable":true,"href":"https:\/\/www.test.crystalalarm.com\/dev\/v1\/wp-json\/wp\/v2\/media\/17111"}],"wp:attachment":[{"href":"https:\/\/www.test.crystalalarm.com\/dev\/v1\/wp-json\/wp\/v2\/media?parent=17198"}],"wp:term":[{"taxonomy":"product_cat","embeddable":true,"href":"https:\/\/www.test.crystalalarm.com\/dev\/v1\/wp-json\/wp\/v2\/product_cat?post=17198"},{"taxonomy":"product_tag","embeddable":true,"href":"https:\/\/www.test.crystalalarm.com\/dev\/v1\/wp-json\/wp\/v2\/product_tag?post=17198"}],"curies":[{"name":"wp","href":"https:\/\/api.w.org\/{rel}","templated":true}]}}