{"id":17197,"date":"2020-11-24T15:28:18","date_gmt":"2020-11-24T14:28:18","guid":{"rendered":"https:\/\/www.test.crystalalarm.com\/dev\/v1\/?post_type=product&#038;p=17197"},"modified":"2024-03-21T08:29:58","modified_gmt":"2024-03-21T07:29:58","slug":"garmin-inreach-mini","status":"publish","type":"product","link":"https:\/\/www.test.crystalalarm.com\/dev\/v1\/produkt\/garmin-inreach-mini\/","title":{"rendered":"Garmin InReach Mini"},"content":{"rendered":"<p>GLOBALA TV\u00c5V\u00c4GSMEDDELANDEN<\/p>\n<p>Utbyt SMS med n\u00e4ra och k\u00e4ra, publicera p\u00e5 sociala medier eller kommunicera mellan inReach-enheter ute i skogen, p\u00e5 fj\u00e4llet eller p\u00e5 havet. (satellitabonnemang kr\u00e4vs).<\/p>\n<p>INTERAKTIVA SOS-MEDDELANDEN<\/p>\n<p>I h\u00e4ndelse av en n\u00f6dsituation utl\u00f6ser du ett interaktivt SOS-meddelande som b\u00e5de g\u00e5r till den egna larmcentralen p\u00e5 kontoret via Crystal Alarm och till GEOS, ett professionellt globalt \u00f6vervaknings- och responscenter som \u00e4r tillg\u00e4ngligt dygnet runt (satellitabonnemang kr\u00e4vs). Via Crystal Alarm g\u00e5r det utm\u00e4rkt att larma till kollegor som k\u00f6r Android\/iPhone.<\/p>\n<p>PLATSDELNING<\/p>\n<p>Sp\u00e5ra din position och dela den med dem hemma eller andra ute p\u00e5 f\u00e4ltet s\u00e5 att de kan se din status eller pinga din enhet och se din GPS-position med mera (satellitabonnemang kr\u00e4vs).<\/p>\n","protected":false},"excerpt":{"rendered":"<p>GLOBALA TV\u00c5V\u00c4GSMEDDELANDEN Utbyt SMS med n\u00e4ra och k\u00e4ra, publicera p\u00e5 sociala medier eller kommunicera mellan inReach-enheter ute i skogen, p\u00e5 fj\u00e4llet eller p\u00e5 havet. (satellitabonnemang kr\u00e4vs). INTERAKTIVA SOS-MEDDELANDEN I h\u00e4ndelse av en n\u00f6dsituation utl\u00f6ser du ett interaktivt SOS-meddelande som b\u00e5de g\u00e5r till den egna larmcentralen p\u00e5 kontoret via Crystal Alarm och till GEOS, ett professionellt [&hellip;]<\/p>\n","protected":false},"featured_media":17109,"comment_status":"closed","ping_status":"closed","template":"","meta":[],"product_cat":[18,53,78],"product_tag":[],"bundle_layout":"","bundled_by":[],"bundled_items":[],"_links":{"self":[{"href":"https:\/\/www.test.crystalalarm.com\/dev\/v1\/wp-json\/wp\/v2\/product\/17197"}],"collection":[{"href":"https:\/\/www.test.crystalalarm.com\/dev\/v1\/wp-json\/wp\/v2\/product"}],"about":[{"href":"https:\/\/www.test.crystalalarm.com\/dev\/v1\/wp-json\/wp\/v2\/types\/product"}],"replies":[{"embeddable":true,"href":"https:\/\/www.test.crystalalarm.com\/dev\/v1\/wp-json\/wp\/v2\/comments?post=17197"}],"wp:featuredmedia":[{"embeddable":true,"href":"https:\/\/www.test.crystalalarm.com\/dev\/v1\/wp-json\/wp\/v2\/media\/17109"}],"wp:attachment":[{"href":"https:\/\/www.test.crystalalarm.com\/dev\/v1\/wp-json\/wp\/v2\/media?parent=17197"}],"wp:term":[{"taxonomy":"product_cat","embeddable":true,"href":"https:\/\/www.test.crystalalarm.com\/dev\/v1\/wp-json\/wp\/v2\/product_cat?post=17197"},{"taxonomy":"product_tag","embeddable":true,"href":"https:\/\/www.test.crystalalarm.com\/dev\/v1\/wp-json\/wp\/v2\/product_tag?post=17197"}],"curies":[{"name":"wp","href":"https:\/\/api.w.org\/{rel}","templated":true}]}}