{"id":17193,"date":"2020-09-19T10:26:36","date_gmt":"2020-09-19T08:26:36","guid":{"rendered":"https:\/\/www.test.crystalalarm.com\/dev\/v1\/?post_type=product&#038;p=17193"},"modified":"2024-03-21T08:29:55","modified_gmt":"2024-03-21T07:29:55","slug":"personlarm-srt330","status":"publish","type":"product","link":"https:\/\/www.test.crystalalarm.com\/dev\/v1\/produkt\/personlarm-srt330\/","title":{"rendered":"Personlarm SRT330"},"content":{"rendered":"<p>SRT330 indikerar snabbt och tydligt n\u00e4r ett larm mottas och kan anv\u00e4ndas tillsammans med de flesta av SRT\u2019s produkter. N\u00e4r ett larm g\u00e5tt s\u00e5 indikerar SRT330 detta med en skarp ljudsignal och ett blinkande varningsljus.<\/p>\n","protected":false},"excerpt":{"rendered":"<p>Med ett tryck p\u00e5 larmknappen f\u00e5r larmmottagaren information om vem den n\u00f6dst\u00e4llde \u00e4r och vilken position personen har. Samtidigt kopplas ett r\u00f6stsamtal upp och mottagaren kan h\u00f6ra vad som h\u00e4nder och hur situationen utvecklas. Beroende p\u00e5 h\u00e4ndelsef\u00f6rlopp och f\u00f6rutbest\u00e4md larmplan ser larmmottagaren till att r\u00e4tt hj\u00e4lpinsatser kommer p\u00e5 plats. En trygg vetskap f\u00f6r utsatta personer.<\/p>\n","protected":false},"featured_media":17103,"comment_status":"closed","ping_status":"closed","template":"","meta":[],"product_cat":[53],"product_tag":[],"bundle_layout":"","bundled_by":[],"bundled_items":[],"_links":{"self":[{"href":"https:\/\/www.test.crystalalarm.com\/dev\/v1\/wp-json\/wp\/v2\/product\/17193"}],"collection":[{"href":"https:\/\/www.test.crystalalarm.com\/dev\/v1\/wp-json\/wp\/v2\/product"}],"about":[{"href":"https:\/\/www.test.crystalalarm.com\/dev\/v1\/wp-json\/wp\/v2\/types\/product"}],"replies":[{"embeddable":true,"href":"https:\/\/www.test.crystalalarm.com\/dev\/v1\/wp-json\/wp\/v2\/comments?post=17193"}],"wp:featuredmedia":[{"embeddable":true,"href":"https:\/\/www.test.crystalalarm.com\/dev\/v1\/wp-json\/wp\/v2\/media\/17103"}],"wp:attachment":[{"href":"https:\/\/www.test.crystalalarm.com\/dev\/v1\/wp-json\/wp\/v2\/media?parent=17193"}],"wp:term":[{"taxonomy":"product_cat","embeddable":true,"href":"https:\/\/www.test.crystalalarm.com\/dev\/v1\/wp-json\/wp\/v2\/product_cat?post=17193"},{"taxonomy":"product_tag","embeddable":true,"href":"https:\/\/www.test.crystalalarm.com\/dev\/v1\/wp-json\/wp\/v2\/product_tag?post=17193"}],"curies":[{"name":"wp","href":"https:\/\/api.w.org\/{rel}","templated":true}]}}