{"id":13393,"date":"2024-01-01T08:08:25","date_gmt":"2024-01-01T07:08:25","guid":{"rendered":"http:\/\/localhost:8888\/wp-canvas\/?post_type=product&#038;p=13393"},"modified":"2024-03-21T08:39:02","modified_gmt":"2024-03-21T07:39:02","slug":"reservdelar-crystal-button","status":"publish","type":"product","link":"https:\/\/www.test.crystalalarm.com\/dev\/v1\/produkt\/reservdelar-crystal-button\/","title":{"rendered":"Reservdelar Crystal Button"},"content":{"rendered":"<p>I de flesta fall \u00e4r det b\u00e4st att skicka in knappar f\u00f6r reparation till oss, men vissa av v\u00e5ra st\u00f6rre kunder har valt att utf\u00f6ra service p\u00e5 plats. F\u00f6r dessa tillhandah\u00e5ller vi reservdelar enligt nedan.<\/p>\n","protected":false},"excerpt":{"rendered":"<p>I de flesta fall \u00e4r det b\u00e4st att skicka in knappar f\u00f6r reparation till oss, men vissa av v\u00e5ra st\u00f6rre kunder har valt att utf\u00f6ra service p\u00e5 plats. F\u00f6r dessa tillhandah\u00e5ller vi reservdelar enligt nedan.<\/p>\n","protected":false},"featured_media":13214,"comment_status":"closed","ping_status":"closed","template":"","meta":[],"product_cat":[61],"product_tag":[],"bundle_layout":"","bundled_by":[],"bundled_items":[],"_links":{"self":[{"href":"https:\/\/www.test.crystalalarm.com\/dev\/v1\/wp-json\/wp\/v2\/product\/13393"}],"collection":[{"href":"https:\/\/www.test.crystalalarm.com\/dev\/v1\/wp-json\/wp\/v2\/product"}],"about":[{"href":"https:\/\/www.test.crystalalarm.com\/dev\/v1\/wp-json\/wp\/v2\/types\/product"}],"replies":[{"embeddable":true,"href":"https:\/\/www.test.crystalalarm.com\/dev\/v1\/wp-json\/wp\/v2\/comments?post=13393"}],"wp:featuredmedia":[{"embeddable":true,"href":"https:\/\/www.test.crystalalarm.com\/dev\/v1\/wp-json\/wp\/v2\/media\/13214"}],"wp:attachment":[{"href":"https:\/\/www.test.crystalalarm.com\/dev\/v1\/wp-json\/wp\/v2\/media?parent=13393"}],"wp:term":[{"taxonomy":"product_cat","embeddable":true,"href":"https:\/\/www.test.crystalalarm.com\/dev\/v1\/wp-json\/wp\/v2\/product_cat?post=13393"},{"taxonomy":"product_tag","embeddable":true,"href":"https:\/\/www.test.crystalalarm.com\/dev\/v1\/wp-json\/wp\/v2\/product_tag?post=13393"}],"curies":[{"name":"wp","href":"https:\/\/api.w.org\/{rel}","templated":true}]}}